s of 6207?
3, 2069
List the prime factors of 1703.
13, 131
List the prime factors of 498.
2, 3, 83
What are the prime factors of 6846?
2, 3, 7, 163
List the prime factors of 1136.
2, 71
What are the prime factors of 21561?
3, 7187
List the prime factors of 53760.
2, 3, 5, 7
What are the prime factors of 91?
7, 13
List the prime factors of 24769.
17, 31, 47
List the prime factors of 42019.
42019
What are the prime factors of 152712?
2, 3, 7, 101
What are the prime factors of 31413?
3, 37, 283
List the prime factors of 13017.
3, 4339
What are the prime factors of 2184?
2, 3, 7, 13
List the prime factors of 50337.
3, 7, 17, 47
What are the prime factors of 35649?
3, 17, 233
List the prime factors of 5740.
2, 5, 7, 41
What are the prime factors of 1661?
11, 151
List the prime factors of 33834.
2, 3, 5639
List the prime factors of 11538.
2, 3, 641
What are the prime factors of 313?
313
What are the prime factors of 12345?
3, 5, 823
List the prime factors of 1777.
1777
List the prime factors of 1879.
1879
What are the prime factors of 2266?
2, 11, 103
What are the prime factors of 4915?
5, 983
What are the prime factors of 37792?
2, 1181
List the prime factors of 395.
5, 79
List the prime factors of 54699.
3, 18233
What are the prime factors of 6080?
2, 5, 19
List the prime factors of 165.
3, 5, 11
What are the prime factors of 11713?
13, 17, 53
List the prime factors of 3331.
3331
List the prime factors of 10077.
3, 3359
What are the prime factors of 12122?
2, 11, 19, 29
List the prime factors of 2826.
2, 3, 157
List the prime factors of 12998.
2, 67, 97
List the prime factors of 105081.
3, 35027
List the prime factors of 32527.
11, 2957
What are the prime factors of 87?
3, 29
List the prime factors of 1130.
2, 5, 113
List the prime factors of 2251.
2251
What are the prime factors of 10234?
2, 7, 17, 43
List the prime factors of 846.
2, 3, 47
List the prime factors of 100510.
2, 5, 19, 23
What are the prime factors of 8047?
13, 619
List the prime factors of 530.
2, 5, 53
What are the prime factors of 4690?
2, 5, 7, 67
List the prime factors of 13161.
3, 41, 107
List the prime factors of 544.
2, 17
List the prime factors of 7928.
2, 991
List the prime factors of 4998.
2, 3, 7, 17
What are the prime factors of 15095?
5, 3019
What are the prime factors of 1594?
2, 797
What are the prime factors of 1601?
1601
What are the prime factors of 1907?
1907
List the prime factors of 3569.
43, 83
List the prime factors of 418.
2, 11, 19
What are the prime factors of 15353?
13, 1181
What are the prime factors of 721?
7, 103
List the prime factors of 1490.
2, 5, 149
What are the prime factors of 4439?
23, 193
List the prime factors of 27072.
2, 3, 47
List the prime factors of 69773.
11, 6343
What are the prime factors of 4750?
2, 5, 19
List the prime factors of 917.
7, 131
What are the prime factors of 3394?
2, 1697
What are the prime factors of 72215?
5, 11, 13, 101
What are the prime factors of 17355?
3, 5, 13, 89
What are the prime factors of 873?
3, 97
List the prime factors of 16162.
2, 8081
List the prime factors of 37595.
5, 73, 103
List the prime factors of 99903.
3, 33301
What are the prime factors of 77808?
2, 3, 1621
List the prime factors of 2732.
2, 683
List the prime factors of 1006.
2, 503
List the prime factors of 1388.
2, 347
What are the prime factors of 5876?
2, 13, 113
List the prime factors of 3193.
31, 103
What are the prime factors of 99249?
3, 33083
What are the prime factors of 21157?
21157
List the prime factors of 16919.
7, 2417
What are the prime factors of 92896?
2, 2903
What are the prime factors of 31181?
31181
What are the prime factors of 47618?
2, 29, 821
What are the prime factors of 73034?
2, 13, 53
List the prime factors of 846.
2, 3, 47
List the prime factors of 286.
2, 11, 13
What are the prime factors of 85163?
13, 6551
What are the prime factors of 2092?
2, 523
List the prime factors of 77127.
3, 47, 547
List the prime factors of 2008.
2, 251
List the prime factors of 36599.
36599
List the prime factors of 19455.
3, 5, 1297
What are the prime factors of 16479?
3, 1831
List the prime factors of 843.
3, 281
List the prime factors of 123082.
2, 19, 41, 79
List the prime factors of 846.
2, 3, 47
List the prime factors of 1216.
2, 19
What are the prime factors of 2461?
23, 107
What are the prime factors of 743?
743
List the prime factors of 69276.
2, 3, 23, 251
What are the prime factors of 4525?
5, 181
What are the prime factors of 3393?
3, 13, 29
What are the prime factors of 2778?
2, 3, 463
What are the prime factors of 3322?
2, 11, 151
What are the prime factors of 1051?
1051
List the prime factors of 17054.
2, 8527
What are the prime factors of 1777?
1777
What are the prime factors of 927?
3, 103
What are the prime factors of 53251?
11, 47, 103
List the prime factors of 25046.
2, 7, 1789
What are the prime factors of 3555?
3, 5, 79
List the prime factors of 277.
277
What are the prime factors of 106388?
2, 26597
List the prime factors of 13159.
13159
What are the prime factors of 551?
19, 29
List the prime factors of 12407.
19, 653
What are the prime factors of 452?
2, 113
List the prime factors of 76265.
5, 7, 2179
What are the prime factors of 46688?
2, 1459
What are the prime factors of 580?
2, 5, 29
What are the prime factors of 61726?
2, 7, 4409
What are the prime factors of 4088?
2, 7, 73
List the prime factors of 39000.
2, 3, 5, 13
List the prime factors of 120785.
5, 7, 17, 29
What are the prime factors of 23552?
2, 23
List the prime factors of 76676.
2, 29, 661
What are the prime factors of 10348?
2, 13, 199
List the prime factors of 1130.
2, 5, 113
What are the prime factors of 308?
2, 7, 11
List the prime factors of 7500.
2, 3, 5
List the prime factors of 368.
2, 23
List the prime factors of 1393.
7, 199
List the prime factors of 22309.
7, 3187
What are the prime factors of 948?
2, 3, 79
What are the prime factors of 685?
5, 137
What are the prime factors of 1257?
3, 419
What are the prime factors of 12780?
2, 3, 5, 71
What are the prime factors of 130839?
3, 43613
What are the prime factors of 1940?
2, 5, 97
List the prime factors of 4386.
2, 3, 17, 43
List the prime factors of 813.
3, 271
What are the prime factors of 231?
3, 7, 11
What are the prime factors of 226?
2, 113
List the prime factors of 11138.
2, 5569
List the prime factors of 115858.
2, 53, 1093
What are the prime factors of 1590?
2, 3, 5, 53
What are the prime factors of 3018?
2, 3, 503
List the prime factors of 7427.
7, 1061
List the prime factors of 482.
2, 241
What are the prime factors of 75835?
5, 29, 523
List the prime factors of 5758.
2, 2879
List the prime factors of 2960.
2, 5, 37
List the prime factors of 144248.
2, 13, 19, 73
List the prime factors of 71522.
2, 11, 3251
What are the prime factors of 20348?
2, 5087
What are the prime factors of 7829?
7829
List the prime factors of 5321.
17, 313
What are the prime factors of 20093?
71, 283
List the prime factors of 8179.
8179
What are the prime factors of 102350?
2, 5, 23, 89
List the prime factors of 1020.
2, 3, 5, 17
List the prime factors of 1634.
2, 19, 43
What are the prime factors of 1966?
2, 983
What are the prime factors of 3821?
3821
List the prime factors of 20799.
3, 2311
List the prime factors of 11561.
11, 1051
List the prime factors of 1949.
1949
What are the prime factors of 8409?
3, 2803
List the prime factors of 33679.
33679
What are the prime factors of 83591?
83591
What are the prime factors of 1315?
5, 263
List the prime factors of 22905.
3, 5, 509
List the prime factors of 217.
7, 31
List the prime factors of 125.
5
What are the prime factors of 42465?
3, 5, 19, 149
What are the prime factors of 12726?
2, 3, 7, 101
List the prime factors of 27222.
2, 3, 13, 349
List the prime factors of 49901.
139, 359
List the prime factors of 10342.
2, 5171
List the prime factors of 1327.
1327
What are the prime factors of 1707?
3, 569
List the prime factors of 64112.
2, 4007
What are the prime factors of 1667?
1667
What are the prime factors of 14664?
2, 3, 13, 47
What are the prime factors of 50510?
2, 5, 5051
What are the prime factors of 36910?
2, 5, 3691
List the prime factors of 25911.
3, 2879
List the prime factors of 6086.
2, 17, 179
What are the prime factors of 24340